inder when 120/z*5*30/125 is divided by (-95)/(-10) + 3/6.
6
Let j be (-6)/(-4)*40/12. Suppose -j*c - i + 230 = 4*i, -i + 4 = 0. Let q = -1824 + 1948. Calculate the remainder when q is divided by c.
40
Let j = 8786 - 8720. Calculate the remainder when 193 is divided by j.
61
Suppose 21*d = 18*d + 3*h + 18, 4*d - 33 = h. Suppose -4*w + 0*w + 124 = 0. Let o = 3 + w. What is the remainder when o is divided by d?
7
Suppose 4*t + 8 = -0*t. What is the remainder when (-1)/2 - 97/t is divided by (-150)/36*-6 - 15?
8
Let o(s) = 3*s**2 + 132*s + 1991. What is the remainder when o(-18) is divided by 99?
92
Let p(k) = 5*k + 5*k - 10*k - k + 25. What is the remainder when 119 is divided by p(14)?
9
Let l = 2504 - 2496. Calculate the remainder when 153 is divided by l.
1
Suppose w - 2*g - 16 = 0, 20*g = 4*w + 15*g - 58. What is the remainder when 1703 is divided by w?
11
Suppose 2*f = 3*k - 432, 5*k = -2*f - 846 + 1598. What is the remainder when 404 is divided by k?
108
Let u = -68 - -99. Suppose -20*g + 26*g - 714 = 0. What is the remainder when g is divided by u?
26
Let j(u) = u**3 + 2*u**2 - 18*u - 13. Let z be j(-5). What is the remainder when (21/(-6))/(z/(-12)) is divided by 12?
9
Let b = 308 - 219. Let f(d) = 15*d - 14. Suppose 11 - 3 = 3*z - j, -2*z = -5*j + 12. What is the remainder when b is divided by f(z)?
43
Suppose -307 - 958 = -5*n + 2*g, 2*n - 527 = 5*g. What is the remainder when n is divided by 118?
15
Let m(g) = 105*g**3 + 2*g - 3. Let l be m(1). Let k = 139 - l. What is the remainder when 66 is divided by k?
31
Let f(s) = -s**3 - s**2 + 4*s + 4. Suppose 5*q - q + 0*q = 0. Suppose q = 93*n - 96*n + 267. Calculate the remainder when n is divided by f(-3).
9
What is the remainder when -32 - -3148 - (2 - 0 - 3) is divided by 78?
75
Let l be ((-38)/57)/(154/(-150) - -1). Suppose -27*w - 285 = -x - l*w, 0 = -w - 3. Calculate the remainder when x is divided by 70.
69
Let m(u) = -2*u**2 + 29*u + 8. Let t(a) = a**2 - 5*a - 36. Let n be t(10). Let d = -28 + 113. What is the remainder when d is divided by m(n)?
19
Let p(q) = 291*q**2 - 21 + 282*q**2 - 553*q**2 + q**3 + 29*q. What is the remainder when p(-18) is divided by 6?
3
Suppose -26*y + 33*y - 238 = -2*o, -5*o = 5*y - 570. What is the remainder when 424 is divided by o?
88
Let a be (4/6)/((-11)/(-66)). Let j be ((-3)/(-9))/(a/(-6))*4. What is the remainder when 19 is divided by (3/(-9))/(j/36)?
1
Suppose -3*r + 6*r - 107 = 4*n, 5*r = -n + 163. Let d = r + -14. Calculate the remainder when 54 is divided by d.
16
Let x(l) = -961*l - 300. Calculate the remainder when x(-1) is divided by 3.
1
Let k(p) = p**3 - p**2 + p + 50. Suppose 148*v - 213 = 145*v. Let j = -71 + v. Calculate the remainder when k(j) is divided by 17.
16
Let f(x) = 71*x**2 + x. Suppose 0 = 5*l - 3*d - 78, l + 3*d - 2*d = 22. Calculate the remainder when f(-1) is divided by l.
16
Let l = -844 + 2847. Calculate the remainder when l is divided by 59.
56
Suppose 0 = -2*s - 2*o + 6, 17 = -3*s + 4*o + 5. Suppose -13*m + v + 10 = -12*m, s = -m - 2*v + 4. Calculate the remainder when 40 is divided by m.
0
Let o(n) = 879*n - 6719. Calculate the remainder when o(14) is divided by 26.
23
Let o(r) = r**3 + 7*r**2 + 1. Suppose -3*i = 3*h + 77 + 139, -2*h - 214 = 3*i. Let p = -50 - i. What is the remainder when o(-6) is divided by p?
17
Suppose 7*y - 288 = 139. What is the remainder when (233/7 + -5)/(6/28) is divided by y?
10
Let t(p) = -p**2 - 46*p - 153. Calculate the remainder when 169 is divided by t(-42).
4
Let d = 1 - -1. Let m(i) = -132*i - 658. Let f be m(-5). Suppose l = -b + 19, d*b - 16 = -f*b. Calculate the remainder when l is divided by 9.
6
Let v be -20*(-7)/(-4)*-2. Suppose -d + v = 2*l - 2, -6 = -2*l. Let t = 5700 + -5683. What is the remainder when d is divided by t?
15
Suppose -116 = -283*u + 281*u. Calculate the remainder when 695 is divided by u.
57
Let k = 24 + 5. Suppose -3*q = -k*q + 650. Calculate the remainder when q is divided by -4 - -2 - (1 + -10).
4
Suppose 412 = 4*l - 404. Suppose -l = -6*u + 348. What is the remainder when 1101 is divided by u?
89
Let z(o) = 12*o**3 + o**2 - 2*o - 1. Let v = 49 + -51. Let w be z(v). Let u = -52 - w. Calculate the remainder when u is divided by 8.
5
Let l(j) = 7*j**2 + 240*j + 3144. What is the remainder when l(-12) is divided by 157?
16
Let q = -278271 + 278395. Let r = 46 - 19. What is the remainder when q is divided by r?
16
Let y = 5 - 64. Let n = y + 52. What is the remainder when 34 is divided by (-128)/n - (-4)/(-14)?
16
What is the remainder when 461 is divided by (-51)/(-85) + ((-32)/320)/((-2)/2588)?
71
Suppose -24*o = 74*o + 33*o - 179732. What is the remainder when o is divided by 32?
28
Suppose v = -8 - 114. Calculate the remainder when 2 + (v/8)/((-32)/384) is divided by 17.
15
Let y = 67 - 48. What is the remainder when (14/(-1) - (-32121)/1743)/((-2)/(-42)) is divided by y?
17
Suppose 0 = -10*d - 27*d - 22*d + 15281. Calculate the remainder when d is divided by 6.
1
Let q be (-1)/((-3)/1140*-5). Let c = -78 - q. Calculate the remainder when 10 is divided by (-10)/6*-3 - c - -1.
2
Let m(a) = a - 125. Let t be m(0). Let r = 184 + t. Let q = -17855 + 17875. Calculate the remainder when r is divided by q.
19
Suppose -6*q = -9*q - 18. Let w = q + 401. Calculate the remainder when w is divided by 36.
35
Let f = -84 - -227. Let h = -69 + f. Calculate the remainder when h is divided by 42.
32
Let y = 523 + 242. What is the remainder when y is divided by 33?
6
Let b = -9 - -14. Suppose -66*m = -59*m. Let g(v) = -2*v + 23. Calculate the remainder when g(m) is divided by b.
3
Calculate the remainder when 605 is divided by (-9 - -12)/(-21)*-203.
25
Let k = -17 + 598. Let i = k - 530. Let u = -11 - -24. Calculate the remainder when i is divided by u.
12
Let k = -4749 - -5185. Calculate the remainder when k is divided by 213.
10
Suppose -5*d = -d + 4*m - 32, 2*d - 4*m = 16. Let x be 326/d - (-4)/16. Let j = x + -20. What is the remainder when 102 is divided by j?
18
Let u = 243 - 275. Calculate the remainder when 139 is divided by (-2)/(-8) + -748*2/u.
45
Suppose 4*a = -24, -8*j = -9*j - 9*a + 38. What is the remainder when j is divided by 39?
14
Suppose m + 42 = 446 + 266. Calculate the remainder when m is divided by 55.
10
Let u(g) = -36*g + 395. Calculate the remainder when 1410 is divided by u(-2).
9
Suppose 10*s - 2500 + 1870 = 0. What is the remainder when 4785 is divided by s?
60
What is the remainder when (36/(-14))/(6/(-8484)) is divided by 25?
11
Suppose 0 = t - 3*z + 1 + 3, 0 = 3*t + 4*z - 1. Let x(c) = 34*c**2 - c - 1. Let f(n) = -2*n**2 - 3*n + 83. What is the remainder when x(t) is divided by f(-7)?
4
Let s = -7102 - -7127. Calculate the remainder when 118 is divided by s.
18
Let a(s) be the second derivative of 2*s**3/3 + 21*s**2/2 + s + 20. What is the remainder when 34 is divided by a(0)?
13
Let s(r) = -r**2 - 105*r - 749. Calculate the remainder when 4713 is divided by s(-96).
113
Suppose 20 = -4*y, 0 = -3*r + 5*y + 157 + 207. Calculate the remainder when r is divided by 32.
17
Suppose -5*i = -491 + 81. Let s(y) = y**2 + 6*y + 3. Let z be s(-2). What is the remainder when i is divided by 68/170 + (-103)/z?
19
Let f(l) = -4*l + 0 + 12*l**3 + 0*l**2 - 11*l**3 - 3 + 2*l**2. Let d = -518 - -522. Calculate the remainder when f(-2) is divided by d.
1
Let k = 27 - 18. Suppose -20*f - 18 = -29*f. What is the remainder when k is divided by f?
1
Suppose 14915 = 40*i - 17725. Calculate the remainder when i is divided by 256.
48
Let w = 9798 - 9772. Calculate the remainder when 698 is divided by w.
22
Suppose -5*t - 3*c = -1571, -419*t + 417*t + 622 = -2*c. Calculate the remainder when t is divided by 84.
61
Let t = 366 + -373. Calculate the remainder when 226 is divided by (-547)/t + 70/(-490).
70
Let k be (-5)/(5/6) + -541. Let a = k - -642. Calculate the remainder when a is divided by 18.
5
Let y(a) = -7*a - 53. Let k(v) = -16*v - 106. Let o(n) = 4*k(n) - 9*y(n). Calculate the remainder when 124 is divided by o(8).
34
Let k = 5 + -3. Suppose -12 + k = -z. Let j(d) = 60*d + 1828. Calculate the remainder when j(-30) is divided by z.
8
Suppose 247 = 3*j + 253. What is the remainder when 340 is divided by -228*j/16*2*1?
55
Suppose z + h - 2429 = 1521, 0 = 5*z - 5